{"id":2148,"date":"2020-06-26T12:45:58","date_gmt":"2020-06-26T10:45:58","guid":{"rendered":"https:\/\/www.techmira.com\/cleanyteeth\/?post_type=product&#038;p=2148"},"modified":"2025-05-07T11:43:11","modified_gmt":"2025-05-07T09:43:11","slug":"cleanyteeth-fluoridfreies-zahnputzgel-3er-pack","status":"publish","type":"product","link":"https:\/\/www.techmira.com\/cleanyteeth\/cleanyteeth\/cleanyteeth-fluoridfreies-zahnputzgel-3er-pack\/","title":{"rendered":"CleanyTeeth Fluoridfreies Zahnputzgel 3er Pack"},"content":{"rendered":"<div id=\"t1\">\n<div id=\"t1\">\n<p><strong>Speziell entwickeltes und im System dazu passendes CleanyTeeth Zahnputzgel.<\/strong><\/p>\n<p>Dieses Gel unterscheidet sich grundlegend von der herk\u00f6mmlichen Zahncremes, da es \u00fcberhaupt keine abrasiven Partikel enth\u00e4lt. Diese Partikel sind bei der Reinigung mit Ultraschall nicht erforderlich. Der Verzicht von Schmirgelstoffen in der Zahncreme sch\u00fctzt den Zahnschmelz beim Reinigen. Ein Hauptproblem der heutigen elektrischen Zahnb\u00fcrsten ist das \u00dcberb\u00fcrsten mit zu viel Druck und zu langer Anwendung, wodurch der den Zahnschmelz mit der Zeit abnimmt und das Zahnfleisch t\u00e4glich gereizt wird.<\/p>\n<p><strong>F\u00fcr die ordnungsgem\u00e4sse Reinigung ist die Verwendung des speziellen CleanyTeeth Zahnputzgels zwingend erforderlich<\/strong>. Herk\u00f6mmliche Zahnpasta ist nicht in der Lage Mikrobl\u00e4schen zu erzeugen. Spezielle Inhaltsstoffe in der Entwicklung sind sorgen f\u00fcr eine perfekte Leitf\u00e4higkeit. Sobald die Ultraschallwellen das Gel oder den Schaum im Mund erreichen, entstehen innerhalb von Millisekunden Milliarden von Nano-Bl\u00e4schen. Diese feinen Bl\u00e4schen kavitieren und implodieren, um wiederholt durch Ultraschall wieder erzeugt zu werden, solange die CleanyTeeth-B\u00fcrste eingeschaltet ist. Dank der hohen Anzahl der Mikrobl\u00e4schen und ihre hervorragenden Beweglichkeit erreichen die Bl\u00e4schen alle Zahnoberfl\u00e4chen, Zwischenr\u00e4ume und Ritzen.<\/p>\n<p>Frei von Gluten, Glycerin, Triclosan, und SLS<\/p>\n<p>Minzgeschmack. <strong>OHNE Fluorid.<\/strong><\/p>\n<\/div>\n<\/div>\n","protected":false},"excerpt":{"rendered":"<div class=\"short-description\">\n<div class=\"std\">\n<div>Speziell entwickeltes, auf Ultraschall optimiertes CleanyTeeth Zahnputzgel<\/div>\n<div>\u2714\u00a0Ohne abrasive Partikel<\/div>\n<div>\u2714 OHNE Fluorid<\/div>\n<div>\u2714\u00a0Minzgeschmack<\/div>\n<\/div>\n<\/div>\n","protected":false},"featured_media":2154,"template":"","meta":{"_acf_changed":false},"product_brand":[],"product_cat":[39],"product_tag":[],"class_list":{"0":"post-2148","1":"product","2":"type-product","3":"status-publish","4":"has-post-thumbnail","6":"product_cat-cleanyteeth","8":"first","9":"outofstock","10":"shipping-taxable","11":"purchasable","12":"product-type-simple"},"acf":[],"yoast_head":"<!-- This site is optimized with the Yoast SEO plugin v26.3 - https:\/\/yoast.com\/wordpress\/plugins\/seo\/ -->\n<title>CleanyTeeth Fluoridfreies Zahnputzgel 3er Pack - CleanyTeeth DE<\/title>\n<meta name=\"robots\" content=\"index, follow, max-snippet:-1, max-image-preview:large, max-video-preview:-1\" \/>\n<link rel=\"canonical\" href=\"https:\/\/www.techmira.com\/cleanyteeth\/cleanyteeth\/cleanyteeth-fluoridfreies-zahnputzgel-3er-pack\/\" \/>\n<meta property=\"og:locale\" content=\"de_DE\" \/>\n<meta property=\"og:type\" content=\"article\" \/>\n<meta property=\"og:title\" content=\"CleanyTeeth Fluoridfreies Zahnputzgel 3er Pack - CleanyTeeth DE\" \/>\n<meta property=\"og:description\" content=\"Speziell entwickeltes, auf Ultraschall optimiertes CleanyTeeth Zahnputzgel \u2714\u00a0Ohne abrasive Partikel \u2714 OHNE Fluorid \u2714\u00a0Minzgeschmack\" \/>\n<meta property=\"og:url\" content=\"https:\/\/www.techmira.com\/cleanyteeth\/cleanyteeth\/cleanyteeth-fluoridfreies-zahnputzgel-3er-pack\/\" \/>\n<meta property=\"og:site_name\" content=\"CleanyTeeth DE\" \/>\n<meta property=\"article:publisher\" content=\"https:\/\/www.facebook.com\/mirapet.international\/\" \/>\n<meta property=\"article:modified_time\" content=\"2025-05-07T09:43:11+00:00\" \/>\n<meta property=\"og:image\" content=\"https:\/\/www.techmira.com\/cleanyteeth\/wp-content\/uploads\/sites\/14\/2020\/06\/mira-teeth_cleanyteeth_toothpaste_fluoride-free_3-pack_1000px.jpg\" \/>\n\t<meta property=\"og:image:width\" content=\"1000\" \/>\n\t<meta property=\"og:image:height\" content=\"1000\" \/>\n\t<meta property=\"og:image:type\" content=\"image\/jpeg\" \/>\n<meta name=\"twitter:card\" content=\"summary_large_image\" \/>\n<meta name=\"twitter:label1\" content=\"Gesch\u00e4tzte Lesezeit\" \/>\n\t<meta name=\"twitter:data1\" content=\"1\u00a0Minute\" \/>\n<script type=\"application\/ld+json\" class=\"yoast-schema-graph\">{\"@context\":\"https:\/\/schema.org\",\"@graph\":[{\"@type\":\"WebPage\",\"@id\":\"https:\/\/www.techmira.com\/cleanyteeth\/cleanyteeth\/cleanyteeth-fluoridfreies-zahnputzgel-3er-pack\/\",\"url\":\"https:\/\/www.techmira.com\/cleanyteeth\/cleanyteeth\/cleanyteeth-fluoridfreies-zahnputzgel-3er-pack\/\",\"name\":\"CleanyTeeth Fluoridfreies Zahnputzgel 3er Pack - CleanyTeeth DE\",\"isPartOf\":{\"@id\":\"https:\/\/www.techmira.com\/cleanyteeth\/#website\"},\"primaryImageOfPage\":{\"@id\":\"https:\/\/www.techmira.com\/cleanyteeth\/cleanyteeth\/cleanyteeth-fluoridfreies-zahnputzgel-3er-pack\/#primaryimage\"},\"image\":{\"@id\":\"https:\/\/www.techmira.com\/cleanyteeth\/cleanyteeth\/cleanyteeth-fluoridfreies-zahnputzgel-3er-pack\/#primaryimage\"},\"thumbnailUrl\":\"https:\/\/www.techmira.com\/cleanyteeth\/wp-content\/uploads\/sites\/14\/2020\/06\/mira-teeth_cleanyteeth_toothpaste_fluoride-free_3-pack_1000px.jpg\",\"datePublished\":\"2020-06-26T10:45:58+00:00\",\"dateModified\":\"2025-05-07T09:43:11+00:00\",\"breadcrumb\":{\"@id\":\"https:\/\/www.techmira.com\/cleanyteeth\/cleanyteeth\/cleanyteeth-fluoridfreies-zahnputzgel-3er-pack\/#breadcrumb\"},\"inLanguage\":\"de\",\"potentialAction\":[{\"@type\":\"ReadAction\",\"target\":[\"https:\/\/www.techmira.com\/cleanyteeth\/cleanyteeth\/cleanyteeth-fluoridfreies-zahnputzgel-3er-pack\/\"]}]},{\"@type\":\"ImageObject\",\"inLanguage\":\"de\",\"@id\":\"https:\/\/www.techmira.com\/cleanyteeth\/cleanyteeth\/cleanyteeth-fluoridfreies-zahnputzgel-3er-pack\/#primaryimage\",\"url\":\"https:\/\/www.techmira.com\/cleanyteeth\/wp-content\/uploads\/sites\/14\/2020\/06\/mira-teeth_cleanyteeth_toothpaste_fluoride-free_3-pack_1000px.jpg\",\"contentUrl\":\"https:\/\/www.techmira.com\/cleanyteeth\/wp-content\/uploads\/sites\/14\/2020\/06\/mira-teeth_cleanyteeth_toothpaste_fluoride-free_3-pack_1000px.jpg\",\"width\":1000,\"height\":1000},{\"@type\":\"BreadcrumbList\",\"@id\":\"https:\/\/www.techmira.com\/cleanyteeth\/cleanyteeth\/cleanyteeth-fluoridfreies-zahnputzgel-3er-pack\/#breadcrumb\",\"itemListElement\":[{\"@type\":\"ListItem\",\"position\":1,\"name\":\"Shop\",\"item\":\"https:\/\/www.techmira.com\/cleanyteeth\/cleanyteeth\/\"},{\"@type\":\"ListItem\",\"position\":2,\"name\":\"CleanyTeeth Fluoridfreies Zahnputzgel 3er Pack\"}]},{\"@type\":\"WebSite\",\"@id\":\"https:\/\/www.techmira.com\/cleanyteeth\/#website\",\"url\":\"https:\/\/www.techmira.com\/cleanyteeth\/\",\"name\":\"CleanyTeeth DE\",\"description\":\"\",\"potentialAction\":[{\"@type\":\"SearchAction\",\"target\":{\"@type\":\"EntryPoint\",\"urlTemplate\":\"https:\/\/www.techmira.com\/cleanyteeth\/?s={search_term_string}\"},\"query-input\":{\"@type\":\"PropertyValueSpecification\",\"valueRequired\":true,\"valueName\":\"search_term_string\"}}],\"inLanguage\":\"de\"}]}<\/script>\n<!-- \/ Yoast SEO plugin. -->","yoast_head_json":{"title":"CleanyTeeth Fluoridfreies Zahnputzgel 3er Pack - CleanyTeeth DE","robots":{"index":"index","follow":"follow","max-snippet":"max-snippet:-1","max-image-preview":"max-image-preview:large","max-video-preview":"max-video-preview:-1"},"canonical":"https:\/\/www.techmira.com\/cleanyteeth\/cleanyteeth\/cleanyteeth-fluoridfreies-zahnputzgel-3er-pack\/","og_locale":"de_DE","og_type":"article","og_title":"CleanyTeeth Fluoridfreies Zahnputzgel 3er Pack - CleanyTeeth DE","og_description":"Speziell entwickeltes, auf Ultraschall optimiertes CleanyTeeth Zahnputzgel \u2714\u00a0Ohne abrasive Partikel \u2714 OHNE Fluorid \u2714\u00a0Minzgeschmack","og_url":"https:\/\/www.techmira.com\/cleanyteeth\/cleanyteeth\/cleanyteeth-fluoridfreies-zahnputzgel-3er-pack\/","og_site_name":"CleanyTeeth DE","article_publisher":"https:\/\/www.facebook.com\/mirapet.international\/","article_modified_time":"2025-05-07T09:43:11+00:00","og_image":[{"width":1000,"height":1000,"url":"https:\/\/www.techmira.com\/cleanyteeth\/wp-content\/uploads\/sites\/14\/2020\/06\/mira-teeth_cleanyteeth_toothpaste_fluoride-free_3-pack_1000px.jpg","type":"image\/jpeg"}],"twitter_card":"summary_large_image","twitter_misc":{"Gesch\u00e4tzte Lesezeit":"1\u00a0Minute"},"schema":{"@context":"https:\/\/schema.org","@graph":[{"@type":"WebPage","@id":"https:\/\/www.techmira.com\/cleanyteeth\/cleanyteeth\/cleanyteeth-fluoridfreies-zahnputzgel-3er-pack\/","url":"https:\/\/www.techmira.com\/cleanyteeth\/cleanyteeth\/cleanyteeth-fluoridfreies-zahnputzgel-3er-pack\/","name":"CleanyTeeth Fluoridfreies Zahnputzgel 3er Pack - CleanyTeeth DE","isPartOf":{"@id":"https:\/\/www.techmira.com\/cleanyteeth\/#website"},"primaryImageOfPage":{"@id":"https:\/\/www.techmira.com\/cleanyteeth\/cleanyteeth\/cleanyteeth-fluoridfreies-zahnputzgel-3er-pack\/#primaryimage"},"image":{"@id":"https:\/\/www.techmira.com\/cleanyteeth\/cleanyteeth\/cleanyteeth-fluoridfreies-zahnputzgel-3er-pack\/#primaryimage"},"thumbnailUrl":"https:\/\/www.techmira.com\/cleanyteeth\/wp-content\/uploads\/sites\/14\/2020\/06\/mira-teeth_cleanyteeth_toothpaste_fluoride-free_3-pack_1000px.jpg","datePublished":"2020-06-26T10:45:58+00:00","dateModified":"2025-05-07T09:43:11+00:00","breadcrumb":{"@id":"https:\/\/www.techmira.com\/cleanyteeth\/cleanyteeth\/cleanyteeth-fluoridfreies-zahnputzgel-3er-pack\/#breadcrumb"},"inLanguage":"de","potentialAction":[{"@type":"ReadAction","target":["https:\/\/www.techmira.com\/cleanyteeth\/cleanyteeth\/cleanyteeth-fluoridfreies-zahnputzgel-3er-pack\/"]}]},{"@type":"ImageObject","inLanguage":"de","@id":"https:\/\/www.techmira.com\/cleanyteeth\/cleanyteeth\/cleanyteeth-fluoridfreies-zahnputzgel-3er-pack\/#primaryimage","url":"https:\/\/www.techmira.com\/cleanyteeth\/wp-content\/uploads\/sites\/14\/2020\/06\/mira-teeth_cleanyteeth_toothpaste_fluoride-free_3-pack_1000px.jpg","contentUrl":"https:\/\/www.techmira.com\/cleanyteeth\/wp-content\/uploads\/sites\/14\/2020\/06\/mira-teeth_cleanyteeth_toothpaste_fluoride-free_3-pack_1000px.jpg","width":1000,"height":1000},{"@type":"BreadcrumbList","@id":"https:\/\/www.techmira.com\/cleanyteeth\/cleanyteeth\/cleanyteeth-fluoridfreies-zahnputzgel-3er-pack\/#breadcrumb","itemListElement":[{"@type":"ListItem","position":1,"name":"Shop","item":"https:\/\/www.techmira.com\/cleanyteeth\/cleanyteeth\/"},{"@type":"ListItem","position":2,"name":"CleanyTeeth Fluoridfreies Zahnputzgel 3er Pack"}]},{"@type":"WebSite","@id":"https:\/\/www.techmira.com\/cleanyteeth\/#website","url":"https:\/\/www.techmira.com\/cleanyteeth\/","name":"CleanyTeeth DE","description":"","potentialAction":[{"@type":"SearchAction","target":{"@type":"EntryPoint","urlTemplate":"https:\/\/www.techmira.com\/cleanyteeth\/?s={search_term_string}"},"query-input":{"@type":"PropertyValueSpecification","valueRequired":true,"valueName":"search_term_string"}}],"inLanguage":"de"}]}},"_links":{"self":[{"href":"https:\/\/www.techmira.com\/cleanyteeth\/wp-json\/wp\/v2\/product\/2148","targetHints":{"allow":["GET"]}}],"collection":[{"href":"https:\/\/www.techmira.com\/cleanyteeth\/wp-json\/wp\/v2\/product"}],"about":[{"href":"https:\/\/www.techmira.com\/cleanyteeth\/wp-json\/wp\/v2\/types\/product"}],"wp:featuredmedia":[{"embeddable":true,"href":"https:\/\/www.techmira.com\/cleanyteeth\/wp-json\/wp\/v2\/media\/2154"}],"wp:attachment":[{"href":"https:\/\/www.techmira.com\/cleanyteeth\/wp-json\/wp\/v2\/media?parent=2148"}],"wp:term":[{"taxonomy":"product_brand","embeddable":true,"href":"https:\/\/www.techmira.com\/cleanyteeth\/wp-json\/wp\/v2\/product_brand?post=2148"},{"taxonomy":"product_cat","embeddable":true,"href":"https:\/\/www.techmira.com\/cleanyteeth\/wp-json\/wp\/v2\/product_cat?post=2148"},{"taxonomy":"product_tag","embeddable":true,"href":"https:\/\/www.techmira.com\/cleanyteeth\/wp-json\/wp\/v2\/product_tag?post=2148"}],"curies":[{"name":"wp","href":"https:\/\/api.w.org\/{rel}","templated":true}]}}